.
11
Suppose 9*p + 4*z = 4*p + 193, 4*p - 5*z - 138 = 0. Suppose 4*w - 27 = p. Calculate the greatest common factor of 2 and w.
2
Let o be 1/(-5)*2*-5. Let v(h) = h**3 + 2*h**2 + h + 4. Let n be v(-3). Let l be (n/(-6))/(6/9). Calculate the greatest common factor of l and o.
2
Suppose -5*p + 191 = 3*l, 3*l - 210 + 9 = -3*p. Calculate the greatest common divisor of l and 8.
8
Suppose -4*g + 5*v + 3 = 4, 0 = -4*g + 4*v. Let p be (g - -3)/(-1 - -2). Let m be (32/6)/((-2)/(-6)). Calculate the highest common divisor of m and p.
4
Suppose -3*i + 9 = -0. Suppose -2*c + 4*o + 0*o = -8, i*c - 19 = -o. Let v = c + 122. What is the highest common divisor of v and 16?
16
Let k be 138/15*(-4 + -1). Let s = -33 - k. Calculate the greatest common divisor of s and 13.
13
Suppose -168 = 17*r - 20*r. What is the greatest common factor of r and 140?
28
Suppose -34*v + 35*v = 68. What is the highest common factor of v and 17?
17
Suppose 2*w = 3*g + 31 - 90, -g + 21 = -2*w. Calculate the highest common factor of 209 and g.
19
Suppose 3*l = d - 5*d + 78, 4*l - 79 = 3*d. Calculate the greatest common factor of l and 33.
11
Let f be (-20)/(-8)*(-8)/(-10). Suppose -3*s + f*h = -292, -6*s = -s - 4*h - 490. Let m be s/10 - 4/10. Calculate the greatest common factor of 36 and m.
9
Let q(s) = s + 64. Let y be q(0). Suppose 3*c = -c + y. Let d be (-74 - 6)*2/(-4). What is the greatest common factor of c and d?
8
Suppose -3*w = -4*a - 70, 0 = -3*w - a + 3*a + 62. Let l = 47 - 38. Calculate the highest common divisor of w and l.
9
Suppose 3*j + 7*b = 4*b + 42, 4*j = -3*b + 54. Let d = 48 - 45. Calculate the highest common factor of d and j.
3
Let d(n) = n + 5. Let h be d(-3). Let r be (3 - -17)/h*2. What is the greatest common factor of r and 50?
10
Suppose 2*u = -4*v + 10, 0 = -0*u - 2*u - 2*v. Let y be 9/(u + 2) + 30. What is the highest common divisor of y and 9?
9
Let b be (-11)/(-13) - (-32)/208. Suppose 12 = 2*z - 4. Calculate the greatest common divisor of b and z.
1
Let w be (-1 - -2)*10/1. Suppose -3*m = -5*d + 98, 65 = -3*m - 4*d + 3. Let i = 36 + m. Calculate the highest common factor of i and w.
10
Suppose -4*w - w + 180 = 0. Calculate the highest common factor of 9 and w.
9
Let v be 0 - -1 - -10 - -1. Suppose -3*s - 5*f = 2*s - 275, -2*f - 310 = -5*s. Calculate the highest common factor of v and s.
12
Suppose 0 = -s + 6*s + 60. Let h be s/(84/45 + -2). What is the greatest common factor of 9 and h?
9
Let w = 12 - 8. Let t = 9 + -6. Suppose 2*d + t*d - 50 = 0. What is the greatest common divisor of d and w?
2
Let l(s) = -s**3 - 6*s**2 - 6*s - 6. Let h be (4 - (-2 - -2))*-1. Let g be l(h). Let q be (-284)/g + (-4)/14. Calculate the greatest common divisor of 4 and q.
4
Let o(q) = -q**3 + 4*q**2 + q - 3. Let l be o(3). Calculate the greatest common factor of 27 and l.
9
Suppose 0 = 6*a - 7*a + 13. Let q(h) = -7*h - 1. Let f be q(-2). Calculate the greatest common divisor of a and f.
13
Let t(p) = -52*p + 9*p - 78 + 73. Let x be t(-6). Calculate the highest common divisor of 23 and x.
23
Suppose 4*o = -22 + 10. Let l(v) = 2*v + 3. Let k be l(-6). Let b be (o/k)/(2/24). What is the highest common divisor of 4 and b?
4
Let p(n) = 2*n + 2. Let t be (1/(-2) - 0)*10. Let x be p(t). Let j be x/(-10)*(12 + -2). What is the greatest common divisor of 16 and j?
8
Let w(d) = -d**3 + 2*d**2 + 3*d - 3. Let s be w(2). Suppose 5*c = s - 28. Let t = c + 14. What is the highest common divisor of 9 and t?
9
Suppose -4*q + 147 = -5. Suppose q = -2*j + 5*g, 5*j - 2*g = g - 114. Let y = 44 + j. What is the highest common divisor of 5 and y?
5
Let a(w) = -11*w - 1. Let z be a(-3). Let i = z + -23. Let b(n) = 62*n**2 - 5*n - 4. Let c be b(-1). What is the greatest common divisor of c and i?
9
Let a be (-64)/20*5/(-2). Suppose -q + 8 = -0*q. Calculate the greatest common divisor of a and q.
8
Let l = -353 - -361. Suppose z - 2*z = -4*i + 128, 2*i = 3*z + 64. Calculate the highest common factor of l and i.
8
Let o be (1 - -14)/((-9)/6). Let y be (-258)/o + (-3)/(-15). Let s = y + -8. What is the highest common factor of 12 and s?
6
Suppose -3*d = -4*c + 56, -2*c - 4*d + 30 = 2. Let x = 104 - 67. Let a = 19 + x. Calculate the highest common factor of a and c.
14
Suppose 2*m - 56 = -3*m - 4*v, 2*v + 8 = 2*m. Suppose -5*c + m = w - 36, c = -3*w + 62. What is the greatest common factor of w and 171?
19
Suppose 3*s = t - 19, t - 5*s - 10 - 9 = 0. What is the highest common factor of t and 57?
19
Suppose f - 4*i + 36 = 2*f, -3*f + 115 = 5*i. Calculate the highest common factor of f and 5.
5
Suppose -7*m + 332 = -361. Calculate the greatest common divisor of 11 and m.
11
Let f be (-544)/(-48) + 1/(-3). What is the highest common factor of f and 22?
11
Suppose 0 = v - 3*v + 16. Let l = v - -15. Let r be l/2 + (-3)/(-6). Calculate the highest common divisor of 4 and r.
4
Let n(t) = -3*t - 2. Let b be n(-2). What is the highest common factor of 36 and b?
4
Let s(d) = 0*d + 3*d + 1 - 7. Let r be 1 - 0 - (-6 - -2). Let b be s(r). Calculate the highest common factor of b and 1.
1
Suppose 2*c - 7*c = -10. Suppose 6*m + 2*w - 98 = 2*m, -m - c*w + 32 = 0. Let y = 13 - 2. Calculate the highest common divisor of m and y.
11
Let z = 10 - 10. Suppose 2*i - 15 - 21 = z. What is the greatest common factor of i and 18?
18
Suppose -16 = -5*d - 2*l + 6*l, -4*l - 16 = d. Suppose -3*z + 0*z + 39 = d. Calculate the greatest common divisor of z and 13.
13
Let m = 16 - 4. What is the highest common factor of 108 and m?
12
Suppose -3*w = 5*q - 84, q - 9 - 5 = -2*w. Let t(i) = -2*i - 24. Let m be t(-15). Calculate the greatest common factor of q and m.
6
Let j = -14 + 28. Let t(d) = 10*d - 30. Let f be t(10). Calculate the highest common factor of j and f.
14
Suppose 109*g = 107*g + 48. What is the greatest common factor of g and 192?
24
Let w be ((-80)/(-3))/(-5)*(1 + -16). Calculate the highest common factor of 32 and w.
16
Let v = -142 - -9. Let d be v/(-3) - 1/3. Calculate the highest common divisor of d and 22.
22
Let a(i) = 2*i + 9. Let s be a(7). Suppose 3*j + j - 184 = 0. What is the greatest common factor of s and j?
23
Suppose 25 = -5*v, -3*s + 14 = -0*s - v. What is the highest common factor of s and 3?
3
Suppose 0*k = -2*k - 12. Let i(t) = 2*t**2 + 5*t + 3. Let g be i(k). Suppose -20 = -95*p + 91*p. Calculate the highest common divisor of g and p.
5
Suppose -4*k = -k - 165. What is the highest common factor of 22 and k?
11
Suppose -3*v - v + 28 = 0. Let t(j) = -3*j - 1. Let n be t(-5). What is the greatest common divisor of v and n?
7
Let i be (-48)/(-18) + (-2)/(-6). Suppose -2*c - i*v = 60 - 188, 4*c - 284 = v. Calculate the greatest common divisor of 14 and c.
14
Suppose -3 = 4*v - 11. Let a(g) = -2*g**2 - g**v - 3*g + 5*g - 3 + 22*g**3. Let w be a(2). Calculate the greatest common factor of w and 15.
15
Let z(v) = 10*v + 3. Let y be z(3). Calculate the highest common divisor of y and 3.
3
Suppose 3*b - 84 = -b. Suppose b = 5*h - 49. What is the highest common divisor of 21 and h?
7
Let v be 26/3*21/14. Let u(p) = -p**3 + 13*p**2 + 15. Let x be u(v). Calculate the greatest common factor of 60 and x.
15
Let q(g) = 6*g - 2. Let j be q(7). What is the greatest common divisor of j and 32?
8
Suppose 0 = -5*t + 8*t - 12. Let s(c) = 11*c + 1. Let q be s(-1). Let m = q - -16. What is the highest common divisor of t and m?
2
Suppose -3*u + 5*u = 5*v - 50, 13 = -v + 5*u. What is the highest common factor of 4 and v?
4
Suppose 3*h + 81 = 390. Let u be (-1)/(3 + h/(-34)). What is the greatest common factor of 51 and u?
17
Let g = -7 + 12. Suppose -3*s + g*s = 14. Suppose -2*f - 6 = -3*v + 1, f = 2*v - 4. Calculate the highest common factor of v and s.
1
Let z(b) = -b**3 - b**2 + 3*b - 3. Let n = 1 - 4. Let m be z(n). Let j = -28 - -40. What is the highest common divisor of m and j?
6
Let g = 5 + -1. Suppose 3*v = g*q + 11, 4*q = -4*v + v + 43. Let s be 1/(1/((-1)/(-1))). What is the greatest common divisor of s and v?
1
Let i(h) = -17*h + 1. Let s be i(-1). What is the greatest common divisor of 198 and s?
18
Suppose -4*n - 5*y = 30, 3*y + y + 23 = -3*n. Let s be 20/(-2)*2/n. What is the highest common divisor of s and 32?
4
Suppose 5*o = -3*a + o + 44, -5*o + 27 = 2*a. Let p(q) = 3 - 2*q + 12*q + q. Let i be p(7